multiple of 156?
False
Does 64 divide 22400?
True
Does 5 divide 167138?
False
Is 771200 a multiple of 64?
True
Does 877 divide 434875?
False
Is 43 a factor of 1286956?
False
Is 7935868 a multiple of 14?
False
Is 525144 a multiple of 549?
False
Is 2380 a multiple of 35?
True
Is 8 a factor of 99091?
False
Does 36 divide 23494?
False
Is 1370 a factor of 181998?
False
Is 14760 a multiple of 25?
False
Does 65 divide 8321950?
True
Is 21 a factor of 36573?
False
Is 101440 a multiple of 80?
True
Is 28 a factor of 102785?
False
Is 68 a factor of 3277499?
False
Is 703888 a multiple of 45?
False
Is 6 a factor of 2419909?
False
Does 95 divide 1737791?
False
Is 426 a factor of 8143842?
True
Does 2 divide 265433?
False
Does 580 divide 237800?
True
Is 4930612 a multiple of 15?
False
Is 35230 a multiple of 13?
True
Does 180 divide 936218?
False
Does 14 divide 158850?
False
Is 79 a factor of 1782951?
True
Is 50870 a multiple of 10?
True
Does 835 divide 2483290?
True
Does 8 divide 19593?
False
Is 94690 a multiple of 446?
False
Does 29 divide 1081629?
False
Is 11 a factor of 103631?
True
Is 26 a factor of 79612?
True
Is 18 a factor of 8057574?
True
Does 16 divide 37848?
False
Is 24 a factor of 242027?
False
Does 157 divide 289979?
True
Is 87 a factor of 435164?
False
Is 1875186 a multiple of 38?
True
Is 203 a factor of 2611121?
False
Is 981634 a multiple of 934?
True
Is 18 a factor of 284598?
True
Does 51 divide 23974835?
False
Is 45 a factor of 18513?
False
Does 8 divide 530930?
False
Does 516 divide 1149049?
False
Is 17036891 a multiple of 1292?
False
Is 30 a factor of 3412275?
False
Is 4990770 a multiple of 6?
True
Is 1941769 a multiple of 683?
True
Does 281 divide 1481858?
False
Does 101 divide 249552?
False
Is 59 a factor of 6173027?
False
Does 606 divide 978690?
True
Does 8 divide 11978793?
False
Does 322 divide 821788?
False
Does 22 divide 407022?
True
Does 52 divide 1530011?
False
Is 1085895 a multiple of 885?
True
Is 14 a factor of 176688?
False
Does 260 divide 1962761?
False
Is 276 a factor of 136160?
False
Is 431 a factor of 3250465?
False
Is 292 a factor of 252062?
False
Is 30 a factor of 75092?
False
Is 549858 even?
True
Is 258348 a multiple of 6?
True
Does 9 divide 370875?
False
Is 9098032 a multiple of 16?
True
Is 19 a factor of 85178?
False
Does 15 divide 245908?
False
Is 45110 a multiple of 65?
True
Does 25 divide 735150?
True
Is 335053 a multiple of 17?
True
Is 11 a factor of 293975?
True
Does 12 divide 30612?
True
Is 1199546 a multiple of 526?
False
Does 30 divide 7760352?
False
Is 293 a factor of 1298283?
True
Is 140580 a multiple of 15?
True
Is 25 a factor of 143425?
True
Is 137936 a multiple of 28?
False
Does 88 divide 2186448?
True
Does 203 divide 143724?
True
Is 741 a factor of 1455324?
True
Is 28469 a multiple of 109?
False
Is 29 a factor of 181337?
True
Is 573342 a multiple of 65?
False
Does 72 divide 140428?
False
Is 15393321 a multiple of 30?
False
Is 214 a factor of 222771?
False
Is 15 a factor of 141351?
False
Is 16 a factor of 71389?
False
Is 25 a factor of 73625?
True
Does 30 divide 54180?
True
Does 25 divide 58103?
False
Does 33 divide 2216579?
False
Is 3036540 a multiple of 60?
True
Is 11 a factor of 666138?
True
Is 9025771 a multiple of 107?
True
Is 13 a factor of 101179?
True
Is 15 a factor of 8065335?
True
Is 5944509 a multiple of 9?
True
Is 5173623 a multiple of 17?
False
Does 486 divide 83106?
True
Is 78540 a multiple of 100?
False
Is 5 a factor of 760140?
True
Does 91 divide 104286?
True
Does 141 divide 564991?
False
Does 49 divide 5739860?
True
Does 509 divide 1042941?
True
Is 368032 a multiple of 17?
False
Is 67 a factor of 25259?
True
Is 926479 a multiple of 71?
True
Is 1916904 a multiple of 212?
True
Is 3 a factor of 1393536?
True
Does 230 divide 11189500?
True
Does 185 divide 54209?
False
Is 951 a factor of 528756?
True
Does 8 divide 1857056?
True
Does 263 divide 4521401?
False
Is 47 a factor of 36124?
False
Is 23 a factor of 1944264?
False
Is 97 a factor of 10031158?
True
Is 206181 a multiple of 344?
False
Does 29 divide 87261?
True
Does 130 divide 516825?
False
Is 183 a factor of 22793162?
False
Is 5 a factor of 733970?
True
Is 301252 a multiple of 14?
True
Is 340260 a multiple of 60?
True
Does 6 divide 593508?
True
Is 2911317 a multiple of 283?
False
Is 585800 a multiple of 7?
False
Is 317665 a multiple of 21?
False
Does 671 divide 7413701?
False
Does 295 divide 43955?
True
Is 3562190 a multiple of 28?
False
Is 648582 a multiple of 328?
False
Is 13 a factor of 363844?
True
Is 42 a factor of 324211?
False
Does 24 divide 749885?
False
Does 17 divide 53764?
False
Is 516 a factor of 571212?
True
Is 578 a factor of 13872?
True
Is 923885 a multiple of 3?
False
Does 246 divide 6724368?
False
Is 435163 a multiple of 25?
False
Does 2 divide 354317?
False
Is 264914 a multiple of 26?
True
Is 19 a factor of 250876?
True
Is 56520 a multiple of 9?
True
Is 4712076 a multiple of 219?
False
Is 16706 even?
True
Is 45 a factor of 388966?
False
Is 57 a factor of 390957?
False
Does 86 divide 22962?
True
Is 109138 a multiple of 32?
False
Does 12 divide 121144?
False
Is 8910 a multiple of 162?
True
Is 16483320 a multiple of 90?
True
Does 27 divide 102700?
False
Is 5642065 a multiple of 17?
False
Does 12 divide 965821?
False
Does 74 divide 2183927?
False
Is 8 a factor of 3417?
False
Is 336 a factor of 38304?
True
Is 36 a factor of 68976?
True
Does 18 divide 20998872?
True
Is 13 a factor of 316622?
False
Does 11 divide 731485?
False
Does 56 divide 1260112?
True
Does 171 divide 416385?
True
Is 9282 a multiple of 14?
True
Does 283 divide 708983?
False
Is 178915 a multiple of 2?
False
Does 133 divide 1370299?
True
Does 1263 divide 491307?
True
Is 322070 a multiple of 215?
True
Does 14 divide 325807?
False
Is 94 a factor of 2298112?
True
Is 29 a factor of 114202?
True
Is 74319 a multiple of 7?
True
Is 22 a factor of 236104?
True
Is 79 a factor of 273103?
True
Is 139843 a multiple of 11?
True
Is 102 a factor of 561204?
True
Is 8 a factor of 230645?
False
Is 356 a factor of 16020?
True
Is 455 a factor of 100100?
True
Is 17 a factor of 2156552?
True
Is 40 a factor of 84088?
False
Is 1995020 a multiple of 20?
True
Is 2841581 a multiple of 20?
False
Is 243695 a multiple of 305?
True
Does 18 divide 73461?
False
Is 1146 a factor of 921384?
True
Is 59 a factor of 88500?
True
Is 367571 a multiple of 18?
False
Does 36 divide 326059?
False
Is 241 a factor of 1048997?
False
Does 46 divide 312601?
False
Does 65 divide 126555?
True
Does 78 divide 178036?
False
Is 89 a factor of 75505?
False
Does 301 divide 1065528?
False
Does 185 divide 166500?
True
Does 4 divide 2459512?
True
Is 214 a factor of 353198?
False
Is 5 a factor of 484537?
False
Does 228 divide 15382704?
True
Is 156 a factor of 40872?
True
Does 42 divide 1959303?
False
Is 1575305 a multiple of 43?
True
Is 687 a factor of 820278?
True
Does 101 divide 3195640?
True
Does 5 divide 9528?
False
Does 68 divide 2291357?
False
Is 1097 a factor of 3565250?
True
Does 98 divide 74284?
True
Is 26 a factor of 188786?
True
Is 130221 a multiple of 101?
False
Does 57 divide 9462?
True
Is 184571 a multiple of 30?
False
Is 46815 a multiple of 154?
False
Is 1938244 a multiple of 899?
True
Is 5 a factor of 2761594?
False
Does 263 divide 79426?
True
Does 43 divide 52494?
False
Is 108423 a multiple of 63?
True
Does 20 divide 94138?
False
Does 229 divide 1563956?
False
Does 47 divide 45738?
False
Is 48 a factor of 84022?
False
Does 11 divide 66440?
True
Does 39 divide 1233271?
False
Is 154868 a multiple of 6?
False
Is 20 a factor of 2571148?
False
Does 183 divide 2670918?
False
Is 125237 a multiple of 144?
False
Is 8 a factor of 76344?
True
Does 366 divide 2002523?
False
Is 38 a factor of 143777?
False
Does 22 divide 69113?
False
Does 49 divide 806638?
True
Does 33 divide 1502886?
True
Does 30 divide 130020?
True
Is 21 a factor of 1183123?
False
Is 11 a factor of 20279?
False
Does 22 divide 985446?
True
Does 63 divide 14805?
True
Does 35 divide 316283?
False
Is 4362020 a multiple of 190?
True
Does 270 divide 587520?
True
Does 22 divide 10032?
True
Does 157 divide 538353?
True
Is 3325938 a multiple of 23?
True
Does 155 divide 488095?
True
Is 402870 a multiple of 26?
True
Is 145 a factor of 719907?
False
Does 130 div